s d(-17) a composite number?
False
Let z(y) = -19*y**3 + 19*y**2 + 35*y + 421. Is z(-16) composite?
False
Let p = 3692 - -1464. Let s = p - 1611. Is s composite?
True
Let d(v) = -3*v**3 + 164*v**2 + 134*v + 4. Is d(55) a prime number?
True
Let w(x) = -x**3 + 6*x**2 + 3. Let y be w(6). Let v(m) = m**2 + 55*m - 2604. Let z be v(-89). Suppose y*r = 5*r - z. Is r prime?
True
Suppose 33172304 = 162*c - 105*c - 21117517. Is c a prime number?
False
Let q(b) = -3*b + 2*b**2 - 7*b + 1 + 28 - 7 + 5*b. Let t(w) = -w**3 - 5*w**2 + w + 1. Let g be t(-4). Is q(g) a composite number?
False
Suppose f - 752 = 6*f + t, 460 = -3*f - 5*t. Let o(j) = -73*j - 4. Let c be o(-5). Let x = c + f. Is x a composite number?
False
Let d = 2 + 1. Let n(o) = -10*o + 56. Let b be n(-17). Suppose k - u - 60 = 0, 4*k = -d*u - 0*u + b. Is k composite?
True
Let p = -66 + 70. Let y(n) = 327*n - 11. Let u be y(p). Suppose 0 = 4*h - 5*i - u, 2*h + 3*i = 5*h - 972. Is h a prime number?
False
Let u = -33432 - -54293. Is u prime?
False
Suppose -3*w + 5467 = -5*s, s = -4*w + 4349 + 2925. Let r = w + -1191. Let a = r + -135. Is a composite?
True
Let z(c) = 3*c**2 + 2. Let y(s) = -25*s**2 + 16*s. Let t(j) = -y(j) - 6*z(j). Let w = -12 - -5. Is t(w) a composite number?
False
Let d(g) be the second derivative of g**6/120 + g**5/60 + g**4/24 + 149*g**3/6 + 3*g**2/2 + 5*g. Let a(n) be the first derivative of d(n). Is a(0) prime?
True
Suppose -2*t = -b - 0*b + 1, -8 = -2*t. Let n be b/(-2) - 3/(-2). Is (-1)/((-5)/1720) - n a composite number?
False
Suppose 0 = 26*h - 30*h + 84. Let g(w) = -3*w + 3. Let v be g(-6). Is 24933/h - 6/v a composite number?
False
Suppose 11126 = -2*k + 3300. Let t = k - -7902. Is t composite?
False
Suppose -6*w + 111882 = -28098. Suppose -15*m + w = -65695. Is m a composite number?
True
Let h(o) = -o**2 + 12*o - 24. Let u be h(8). Let p(r) = 4*r**3 - 15*r + 11. Is p(u) prime?
False
Let l(y) = 11*y**2 + 1 + 19*y**2 + 4*y + 8*y - 6*y**2. Let q(s) = s**2 + 12*s + 10. Let g be q(0). Is l(g) prime?
True
Let a = 124 - 119. Suppose -5*s - 5*u = -216105, -3*s - s + 172902 = -a*u. Is s a prime number?
True
Let y be (-4 + 2 - -4)*(-106)/4. Let w = -59 - y. Is 1 + (-4)/12 + (-11522)/w prime?
False
Let w be 1/5*3 + 21/15. Let y(r) = r**3 + 12 - 11*r - 6*r - 4*r + 2*r**w + 15*r. Is y(5) prime?
True
Let m(d) = d**2 - 2*d - 16. Suppose 0 = 4*g - g + 3*i - 99, 2*g = i + 78. Suppose -g = -4*a + 3*p, 43 = 4*a - p - 4*p. Is m(a) a prime number?
True
Let p = -97 - -33. Is (-8)/(p/40) + 2486/1 a composite number?
True
Let f be -2*2 + 7*(-10 + 5). Is 6/f + (-48986)/(-182) composite?
False
Let v = 3479 - -66768. Is v a prime number?
False
Let s = -103 - -351. Let h = s + 50. Is h prime?
False
Suppose -21*s + 2*s = 0. Is 1003 + -17 - ((s - 1) + -2) a composite number?
True
Suppose -6*g + 8*g = -2722. Let c = 2624 + g. Is c a composite number?
True
Is (173152/(-70))/(2/(-425)) + 2/2 a composite number?
False
Suppose -4*i - 3*k + 232202 = 0, -5*i - 32*k + 290235 = -37*k. Is i composite?
False
Suppose 1581643 = -248*n + 253*n - 4*d, -4*n + 1265321 = -d. Is n prime?
False
Suppose -2*b + 902924 = m - 23185, 3*b = 6. Is m composite?
True
Suppose -8167*l = -8163*l - 4*r - 2407116, 4*l + 4*r = 2407132. Is l composite?
True
Suppose -5*m = -5*v - 21570, 5*v = -0*m + m - 4330. Suppose 0 = -8*h - m + 23806. Is h prime?
True
Let s(f) be the second derivative of f**5/10 + 5*f**4/12 - 5*f**3 - 17*f**2/2 + 94*f. Is s(8) prime?
True
Let i(l) = 6*l**3 - 4*l**2 - l - 4. Let c(a) = 33 - a - 25 + 2*a. Let u be c(-3). Is i(u) prime?
True
Let j = 1260 + -1254. Let b(z) = z**3 - 6*z**2 + 2*z + 5. Let y be b(5). Is ((-4)/j)/(y/45165) a composite number?
False
Let q(o) = -4*o**3 + 4*o**2 + 3*o + 11. Let u be 38/(-4) + (-27)/(-18). Is q(u) prime?
False
Let r(t) = -863*t - 214. Let w be r(11). Let b = w + 33866. Is b prime?
False
Let u(b) = -2621*b**3 - 4*b**2 - 5*b - 33. Is u(-4) a composite number?
True
Let q(f) = 134*f**2 - 6*f + 19. Let l(z) = -267*z**2 + 12*z - 38. Let n(p) = -4*l(p) - 7*q(p). Is n(9) a composite number?
True
Let f(y) = 119*y**2 + 21*y - 39. Let w be f(2). Let v = 104 + w. Is v a prime number?
False
Let g = 434 + 65. Is (g/(-2))/(49/14 + -4) a prime number?
True
Suppose 0 = -7*q + 5307 + 18143. Suppose 7*d - 9*d = b - 1672, 4*d = -5*b + q. Is d prime?
False
Let v(j) = -3702*j + 94. Let a be v(-39). Suppose 64*b - a - 238312 = 0. Is b a composite number?
False
Let f = 51183 + 70444. Is f composite?
True
Let i(z) = 664*z - 2231. Is i(13) prime?
False
Let m be (-99)/(-66)*44/(-6). Is (-125884)/(-4) + m/(44/8) composite?
False
Let g be (-7 - -10)/((-6)/(-4)). Suppose g*x = -5*v - 0*x - 2, -5*x - 5 = -4*v. Suppose v = -3*d + 8*d - 3925. Is d prime?
False
Let x(q) = 11*q**2 + 54*q + 1. Let n be x(-5). Is -1 + 1361 + 8/48*n a composite number?
False
Let o = -41599 - -28645. Is -15 - -7 - -7 - o a composite number?
False
Suppose -3*a - 5235 = -22785. Let y be 153/27 + 2/(-3). Suppose -1580 = -y*v + a. Is v composite?
True
Is 146107*(-1 + 3 - 1) a prime number?
False
Let a = 26550 - -41713. Suppose 0 = 12*y - 217925 - a. Is y composite?
True
Suppose -2284090 = -5*x - 3*o, 3*x - 74*o + 79*o - 1370438 = 0. Is x composite?
False
Let i(u) = u**3 + 23*u**2 + 30*u - 23. Let q be i(-16). Suppose -j + 146 = -324. Let r = q + j. Is r prime?
True
Let i = 27010 + -19199. Suppose -i - 205 = -4*b. Suppose -s = -b - 605. Is s a prime number?
True
Suppose 2*o = 3*c + 21521, -3*c + 2*c = -2*o + 21523. Let u be (-3 - (-5 - -1))/(1/o). Is u/16 + 24/64 a prime number?
True
Let x be (39/2 - 6/3)*6. Suppose 2*b + 2925 = x. Is 2*(b/4)/(-3) prime?
False
Let f = 358762 + -126719. Is f prime?
False
Let n(j) = -4*j + 12. Let f be n(-2). Let v(y) = 20*y**2 + 6*y - 19. Is v(f) a prime number?
True
Let u = 15853 - 9848. Is u a composite number?
True
Is ((-2749)/(9 - (-1332)/(-153)))/((-1)/5) prime?
False
Let d = -2134 + 983. Let w be (45/5 - 0)*d. Is (1/3)/((-3)/w) a prime number?
True
Let m(s) = -s**3 + 2*s**2 + 3*s + 19. Let p be m(4). Is 378599/26*p/(3/(-6)) composite?
False
Let d be (-7)/28*6*12/(-9). Is 18/12 + 223/d a composite number?
False
Let m = 114 + -60. Suppose -m*i + 52*i = 8. Is (1 + 2235/(-9))*6/i a prime number?
False
Suppose 0*q - a = 3*q - 12, 2*a = 4*q - 26. Suppose -2*p = q*w - 13694, 0 = -4*w - 12 - 4. Is p a prime number?
True
Suppose 16*n - 2255490 - 307502 = 0. Is n composite?
True
Suppose 5*l - 9748 = 3*v + v, -v + 7790 = 4*l. Suppose -7*q + 10*q + 159 = 3*w, -3*w + 162 = -2*q. Suppose -52*z - l = -w*z. Is z a prime number?
True
Let j(k) = -2*k - 3. Let v be j(-1). Let m(o) = -6350*o - 7. Is m(v) a prime number?
True
Let g(x) = 39*x**2 + 11*x + 18. Let n be g(11). Let d be (n/(-6) - 2)*-9. Suppose 14*t - d = 157. Is t composite?
True
Let d = -16532 + 7164. Is 6*3/(-6)*d/24 a prime number?
True
Suppose 2*j - 1272889 = -3*u, 483*j - 478*j = -4*u + 1697169. Is u prime?
False
Suppose 1638915 = -37499*w + 37514*w. Is w a composite number?
True
Let c = 409 - 113. Let w = c + 123. Is w prime?
True
Suppose -66 = -3*j + 3*u, -j + 17 = u - 1. Let h be 5/(j/4) - -658. Suppose -h + 2599 = 4*m. Is m a composite number?
True
Let n = 87 + -129. Let g = n - -51. Suppose 3*u + 2457 = 3*y, -g = -5*u + 1. Is y a composite number?
False
Let i(s) = -231*s + 48. Let t(c) = 1. Let h(k) = i(k) - 5*t(k). Is h(-4) a composite number?
False
Let m(z) = 0*z**3 - 10*z**2 + z**2 - z - z**3 + 1 - 3*z. Let y be m(-10). Suppose -2*j - y = -769. Is j a prime number?
False
Is -1*87951*((1360/48)/5 - 6) composite?
True
Suppose -7*x = -6 + 6. Suppose -14 = -x*g - 7*g. Suppose 0 = g*l + 3*i - 943, 5*i = 5*l + 3*i - 2405. Is l a composite number?
False
Let s(y) = -229 + 0*y + 219 + y**3 + 5*y**2 - 2*y**3 + 2*y. Let a be s(5). Suppose a*f + 855 = 15*f. Is f a prime number?
False
Suppose -155*q - 22513645 = -210*q. Is q composite?
True
Suppose -47*k = -4779252 + 265983. Is k composite?
True
Is -6 - -443817 - (6 + -6) prime?
False
Let j = 223709 - -41072. Is j composite?
True
Suppose 0 = 184*g - 127*g - 3726147. Is g prime?
True
Suppose 1862 = -v - 4*w + 2*w, -4*w + 1832 = -v. Let m = -585 - v. Is m a composite number?
True
Suppose -61490548 = -106*r - 40142947 + 58036117. Is r a prime number?
False
Let r(o) = -1536*o - 1985. Is r(-44) a prime n